{"id":909,"date":"2017-02-22T14:22:04","date_gmt":"2017-02-22T12:22:04","guid":{"rendered":"http:\/\/wtbrueck.de\/?page_id=909"},"modified":"2018-05-30T16:22:08","modified_gmt":"2018-05-30T14:22:08","slug":"geruestplanen-christian-test","status":"publish","type":"page","link":"https:\/\/wtbrueck.de\/?page_id=909","title":{"rendered":"Bauzaunwerbung"},"content":{"rendered":"<p><a href=\"#\"><strong>Bauz\u00e4une<\/strong><\/a> begleiten uns t\u00e4glich duch unser Leben und sind aus dem Stadtbild nicht mehr wegzudenken.<\/p>\n<p>Was liegt also n\u00e4her, als dies attraktiven Werbefl\u00e4chen in Ihre Werbeplanung aktiv mit einzubinden.<\/p>\n<p>Ihren individuelle <a href=\"#\"><strong>Bauzaunwerbung<\/strong><\/a> k\u00f6nnen Sie&nbsp; hier ganz unkompliziert bestellen.<\/p>\n<p>ngg_shortcode_0_placeholderKontaktieren Sie unsere Produktberater telefonisch \u00fcber die <a href=\"#\"><strong>0251 \/ 71 0 22<\/strong><\/a>.<\/p>\n","protected":false},"excerpt":{"rendered":"<p>Bauz\u00e4une begleiten uns t\u00e4glich duch unser Leben und sind aus dem Stadtbild nicht mehr wegzudenken. Was liegt also n\u00e4her, als dies attraktiven Werbefl\u00e4chen in Ihre Werbeplanung aktiv mit einzubinden. Ihren individuelle Bauzaunwerbung k\u00f6nnen Sie&nbsp; hier ganz unkompliziert bestellen. Kontaktieren Sie unsere Produktberater telefonisch \u00fcber die 0251 \/ 71 0 22.<\/p>\n","protected":false},"author":9,"featured_media":0,"parent":0,"menu_order":0,"comment_status":"closed","ping_status":"closed","template":"","meta":{"ngg_post_thumbnail":0,"footnotes":""},"class_list":["post-909","page","type-page","status-publish","hentry"],"_links":{"self":[{"href":"https:\/\/wtbrueck.de\/index.php?rest_route=\/wp\/v2\/pages\/909","targetHints":{"allow":["GET"]}}],"collection":[{"href":"https:\/\/wtbrueck.de\/index.php?rest_route=\/wp\/v2\/pages"}],"about":[{"href":"https:\/\/wtbrueck.de\/index.php?rest_route=\/wp\/v2\/types\/page"}],"author":[{"embeddable":true,"href":"https:\/\/wtbrueck.de\/index.php?rest_route=\/wp\/v2\/users\/9"}],"replies":[{"embeddable":true,"href":"https:\/\/wtbrueck.de\/index.php?rest_route=%2Fwp%2Fv2%2Fcomments&post=909"}],"version-history":[{"count":10,"href":"https:\/\/wtbrueck.de\/index.php?rest_route=\/wp\/v2\/pages\/909\/revisions"}],"predecessor-version":[{"id":2417,"href":"https:\/\/wtbrueck.de\/index.php?rest_route=\/wp\/v2\/pages\/909\/revisions\/2417"}],"wp:attachment":[{"href":"https:\/\/wtbrueck.de\/index.php?rest_route=%2Fwp%2Fv2%2Fmedia&parent=909"}],"curies":[{"name":"wp","href":"https:\/\/api.w.org\/{rel}","templated":true}]}}