{"id":64,"date":"2013-09-12T07:44:45","date_gmt":"2013-09-12T07:44:45","guid":{"rendered":"http:\/\/wtbrueck.de\/?page_id=64"},"modified":"2017-06-01T13:03:01","modified_gmt":"2017-06-01T11:03:01","slug":"aktion-adlerherz","status":"publish","type":"page","link":"https:\/\/wtbrueck.de\/?page_id=64","title":{"rendered":"Aktion Adlerherz"},"content":{"rendered":"<h3>Versteigerung f\u00fcr Kinderkrebshilfe<\/h3>\n<p><iframe loading=\"lazy\" title=\"Preu\u00dfen f\u00fcr den guten Zweck: &quot;Adlerherz&quot;\" width=\"584\" height=\"329\" src=\"https:\/\/www.youtube.com\/embed\/dVF_0O6A1m4?feature=oembed\" frameborder=\"0\" allow=\"accelerometer; autoplay; clipboard-write; encrypted-media; gyroscope; picture-in-picture; web-share\" referrerpolicy=\"strict-origin-when-cross-origin\" allowfullscreen><\/iframe><\/p>\n<p><em><strong>PREU\u00dfEN-PLAKATE HEI\u00df BEGEHRT<br \/>\n<\/strong><\/em><\/p>\n<p><a title=\"#AktionAdlerherz\" href=\"https:\/\/www.facebook.com\/hashtag\/AktionAdlerherz?fref=ts\" target=\"_blank\" rel=\"noopener noreferrer\"><strong>#AktionAdlerherz<\/strong><\/a><\/p>\n<p><strong>M\u00fcnster<\/strong> &#8211; Die bei Fans und sogar den eigenen Fu\u00dfballern beliebten Spielank\u00fcndigungsplakate des Drittligisten SC Preu\u00dfen M\u00fcnster kommen jetzt in Gro\u00dfformat f\u00fcr einen guten Zweck auf den Markt. \u00dcber die Erl\u00f6se der von Preu\u00dfens Marketingfachmann Dirk Kugel vorgestellten <em><strong>\u201eAktion Adlerherz\u201c<\/strong><\/em> freut sich der von Christel H\u00fcttemann gef\u00fchrte Verein Kinderkrebshilfe M\u00fcnster, deren Schatzmeister Rainer Schwital die \u201eau\u00dferordentliche Unterst\u00fctzung des prominenten Partners SC Preu\u00dfen\u201c in punkto \u00d6ffentlichkeitswirksamkeit als mindestens ebenso wichtig einstuft. \u201eHier k\u00f6nnen wir viele Menschen f\u00fcr unsere Anliegen sensibilisieren.\u201c<\/p>\n<p>In der Sache am Ball sind <strong>Malte M\u00fcller<\/strong>, der als Designer seit 2009 die Spielerfotos von Sebastian Sanders (SC Preu\u00dfen) auf seine eigene Art in Szene setzt, und die f\u00fcr den Druck auf 90 mal 120 Zentimeter zust\u00e4ndige <strong>Werbetechnik W&amp;T Br\u00fcck (Bild: Thomas Br\u00fcck)<\/strong>. In der Halbzeitpause der Preu\u00dfenheimspiele kann im VIP-Bereich geboten werden \u2013 am Mittwoch ging das Plakat f\u00fcr die Partie gegen die Zweite des VfB Stuttgart f\u00fcr 599 Euro weg, mehr gab es nie zuvor in der laufenden Spielzeit.<\/p>\n<p>Kugel hat ein ehrgeiziges Ziel: \u201eWir wollen in dieser Saison mit der Aktion 10\u2009000 Euro erl\u00f6sen. Ich denke, das ist realistisch, denn ich bekomme ja mit, wie begehrt diese Plakate sind.\u201c Der 1982 noch unter einem anderen Namen gegr\u00fcndete <strong>Verein Kinderkrebshilfe M\u00fcnster<\/strong> unterst\u00fctzt auf vielf\u00e4ltige Art und Weise Familien mit krebserkrankten Kindern \u2013 mit station\u00e4rer Ausstattung, medizinischen und psychosozialen Hilfsangeboten am Uniklinikum.<\/p>\n<p><a href=\"https:\/\/wtbrueck.de\/wp-content\/uploads\/2017\/06\/scheck\u00fcbergabe-Original.jpg\"><img loading=\"lazy\" decoding=\"async\" class=\"alignnone size-full wp-image-65\" src=\"https:\/\/wtbrueck.de\/wp-content\/uploads\/2017\/06\/scheck\u00fcbergabe-Original.jpg\" alt=\"adlerherz_wn\" width=\"630\" height=\"334\"><\/a><\/p>\n<p><strong>QUELLE: <\/strong> Westf\u00e4lische Nachrichten \/ Von Thomas Austermann<\/p>\n","protected":false},"excerpt":{"rendered":"<p>Versteigerung f\u00fcr Kinderkrebshilfe PREU\u00dfEN-PLAKATE HEI\u00df BEGEHRT #AktionAdlerherz M\u00fcnster &#8211; Die bei Fans und sogar den eigenen Fu\u00dfballern beliebten Spielank\u00fcndigungsplakate des Drittligisten SC Preu\u00dfen M\u00fcnster kommen jetzt in Gro\u00dfformat f\u00fcr einen guten Zweck auf den Markt. \u00dcber die Erl\u00f6se der von Preu\u00dfens Marketingfachmann Dirk Kugel vorgestellten \u201eAktion Adlerherz\u201c freut sich der<a href=\"https:\/\/wtbrueck.de\/?page_id=64\" class=\"read-more\">Read More&#8230;<\/a><\/p>\n","protected":false},"author":1,"featured_media":0,"parent":0,"menu_order":0,"comment_status":"open","ping_status":"open","template":"","meta":{"ngg_post_thumbnail":0,"footnotes":""},"class_list":["post-64","page","type-page","status-publish","hentry"],"_links":{"self":[{"href":"https:\/\/wtbrueck.de\/index.php?rest_route=\/wp\/v2\/pages\/64","targetHints":{"allow":["GET"]}}],"collection":[{"href":"https:\/\/wtbrueck.de\/index.php?rest_route=\/wp\/v2\/pages"}],"about":[{"href":"https:\/\/wtbrueck.de\/index.php?rest_route=\/wp\/v2\/types\/page"}],"author":[{"embeddable":true,"href":"https:\/\/wtbrueck.de\/index.php?rest_route=\/wp\/v2\/users\/1"}],"replies":[{"embeddable":true,"href":"https:\/\/wtbrueck.de\/index.php?rest_route=%2Fwp%2Fv2%2Fcomments&post=64"}],"version-history":[{"count":11,"href":"https:\/\/wtbrueck.de\/index.php?rest_route=\/wp\/v2\/pages\/64\/revisions"}],"predecessor-version":[{"id":1454,"href":"https:\/\/wtbrueck.de\/index.php?rest_route=\/wp\/v2\/pages\/64\/revisions\/1454"}],"wp:attachment":[{"href":"https:\/\/wtbrueck.de\/index.php?rest_route=%2Fwp%2Fv2%2Fmedia&parent=64"}],"curies":[{"name":"wp","href":"https:\/\/api.w.org\/{rel}","templated":true}]}}