{"id":595,"date":"2014-03-28T07:48:52","date_gmt":"2014-03-28T05:48:52","guid":{"rendered":"http:\/\/wtbrueck.de\/?page_id=595"},"modified":"2018-05-30T09:46:57","modified_gmt":"2018-05-30T07:46:57","slug":"industriekletterer","status":"publish","type":"page","link":"https:\/\/wtbrueck.de\/?page_id=595","title":{"rendered":"Alles aus einer Hand"},"content":{"rendered":"<h3>Video: Anbringung eines XXL-BANNERS bei der AGRAVIS in M\u00fcnster<\/h3>\n<div style=\"width: 584px;\" class=\"wp-video\"><video class=\"wp-video-shortcode\" id=\"video-595-1\" width=\"584\" height=\"329\" preload=\"metadata\" controls=\"controls\"><source type=\"video\/mp4\" src=\"https:\/\/wtbrueck.de\/wp-content\/uploads\/2018\/05\/Industriekletterer-1080p_30fps_H264-128kbit_AAC.mp4?_=1\" \/><a href=\"https:\/\/wtbrueck.de\/wp-content\/uploads\/2018\/05\/Industriekletterer-1080p_30fps_H264-128kbit_AAC.mp4\">https:\/\/wtbrueck.de\/wp-content\/uploads\/2018\/05\/Industriekletterer-1080p_30fps_H264-128kbit_AAC.mp4<\/a><\/video><\/div>\n<p>&nbsp;<\/p>\n<p><em><strong>BIS ZUR ANBRINGUNG ALLES AUS EINER HAND<br \/>\n<\/strong><\/em><\/p>\n<p><a title=\"#XXL-BANNER\" href=\"https:\/\/wtbrueck.de\/?page_id=552\"><strong>#XXL-BANNER<\/strong><\/a> &#8211; Bei uns bekommen Sie alles aus einer Hand! Von der Beratung durch unsere <strong>geschulten Servicemitarbeiter<\/strong> bis hin zur Anbringung. In luftigen H\u00f6hen arbeiten wir mit hochspezialisierten Industriekletterern der Firma <strong>Service am Seil<\/strong> zusammen. Schwindelerregend sind hier nur die H\u00f6hen &#8211; nicht aber unsere Preise!<\/p>\n<p>\u00dcberzeugen Sie sich selbst von unserem <strong>ganzheitlichen Serviceangebot<\/strong> und zeigen Sie selbst hoch \u00fcber den D\u00e4chern der Stadt Pr\u00e4senz!<\/p>\n<p>&nbsp;<br \/>\n&nbsp;<br \/>\n<a href=\"http:\/\/www.serviceamseil.de\"><img loading=\"lazy\" decoding=\"async\" class=\"alignnone size-full wp-image-65\" src=\"https:\/\/wtbrueck.de\/wp-content\/uploads\/2014\/03\/Kletterboys.jpg\" alt=\"adlerherz_wn\" width=\"614\" height=\"299\"><\/a><\/p>\n<p><strong>QUELLE: <\/strong><a title=\"Service am Seil, Inh. Timm Patzkowski\" href=\"http:\/\/www.serviceamseil.de\"><strong>Service am Seil, Inh. Timm Patzkowski<\/strong><\/a><\/p>\n","protected":false},"excerpt":{"rendered":"<p>Video: Anbringung eines XXL-BANNERS bei der AGRAVIS in M\u00fcnster &nbsp; BIS ZUR ANBRINGUNG ALLES AUS EINER HAND #XXL-BANNER &#8211; Bei uns bekommen Sie alles aus einer Hand! Von der Beratung durch unsere geschulten Servicemitarbeiter bis hin zur Anbringung. In luftigen H\u00f6hen arbeiten wir mit hochspezialisierten Industriekletterern der Firma Service am<a href=\"https:\/\/wtbrueck.de\/?page_id=595\" class=\"read-more\">Read More&#8230;<\/a><\/p>\n","protected":false},"author":1,"featured_media":0,"parent":0,"menu_order":0,"comment_status":"open","ping_status":"open","template":"","meta":{"ngg_post_thumbnail":0,"footnotes":""},"class_list":["post-595","page","type-page","status-publish","hentry"],"_links":{"self":[{"href":"https:\/\/wtbrueck.de\/index.php?rest_route=\/wp\/v2\/pages\/595","targetHints":{"allow":["GET"]}}],"collection":[{"href":"https:\/\/wtbrueck.de\/index.php?rest_route=\/wp\/v2\/pages"}],"about":[{"href":"https:\/\/wtbrueck.de\/index.php?rest_route=\/wp\/v2\/types\/page"}],"author":[{"embeddable":true,"href":"https:\/\/wtbrueck.de\/index.php?rest_route=\/wp\/v2\/users\/1"}],"replies":[{"embeddable":true,"href":"https:\/\/wtbrueck.de\/index.php?rest_route=%2Fwp%2Fv2%2Fcomments&post=595"}],"version-history":[{"count":23,"href":"https:\/\/wtbrueck.de\/index.php?rest_route=\/wp\/v2\/pages\/595\/revisions"}],"predecessor-version":[{"id":2105,"href":"https:\/\/wtbrueck.de\/index.php?rest_route=\/wp\/v2\/pages\/595\/revisions\/2105"}],"wp:attachment":[{"href":"https:\/\/wtbrueck.de\/index.php?rest_route=%2Fwp%2Fv2%2Fmedia&parent=595"}],"curies":[{"name":"wp","href":"https:\/\/api.w.org\/{rel}","templated":true}]}}