{"id":35,"date":"2013-09-12T07:29:25","date_gmt":"2013-09-12T07:29:25","guid":{"rendered":"http:\/\/wtbrueck.de\/?page_id=35"},"modified":"2018-05-30T16:24:00","modified_gmt":"2018-05-30T14:24:00","slug":"geruestplanen","status":"publish","type":"page","link":"https:\/\/wtbrueck.de\/?page_id=35","title":{"rendered":"Ger\u00fcstplanen"},"content":{"rendered":"<p>Bauger\u00fcste bieten viel Platz zur Entfaltung Ihrer Werbebotschaft. Nutzen Sie diese gro\u00dfformatigen Webefl\u00e4chen und setzen Sie sich gekonnt und auf jeden Fall schon von weitem sichtbar in Szene.<\/p>\n<p>Ihren individuelle <a href=\"#\"><strong>Ger\u00fcstplane<\/strong><\/a> k\u00f6nnen Sie&nbsp; hier ganz unkompliziert bestellen.<\/p>\n<p>ngg_shortcode_0_placeholder<br \/>\nKontaktieren Sie unsere Produktberater telefonisch \u00fcber die <a href=\"#\"><strong>0251 \/ 71 0 22.<\/strong><\/a><\/p>\n","protected":false},"excerpt":{"rendered":"<p>Bauger\u00fcste bieten viel Platz zur Entfaltung Ihrer Werbebotschaft. Nutzen Sie diese gro\u00dfformatigen Webefl\u00e4chen und setzen Sie sich gekonnt und auf jeden Fall schon von weitem sichtbar in Szene. Ihren individuelle Ger\u00fcstplane k\u00f6nnen Sie&nbsp; hier ganz unkompliziert bestellen. Kontaktieren Sie unsere Produktberater telefonisch \u00fcber die 0251 \/ 71 0 22.<\/p>\n","protected":false},"author":1,"featured_media":0,"parent":0,"menu_order":0,"comment_status":"open","ping_status":"open","template":"","meta":{"ngg_post_thumbnail":0,"footnotes":""},"class_list":["post-35","page","type-page","status-publish","hentry"],"_links":{"self":[{"href":"https:\/\/wtbrueck.de\/index.php?rest_route=\/wp\/v2\/pages\/35","targetHints":{"allow":["GET"]}}],"collection":[{"href":"https:\/\/wtbrueck.de\/index.php?rest_route=\/wp\/v2\/pages"}],"about":[{"href":"https:\/\/wtbrueck.de\/index.php?rest_route=\/wp\/v2\/types\/page"}],"author":[{"embeddable":true,"href":"https:\/\/wtbrueck.de\/index.php?rest_route=\/wp\/v2\/users\/1"}],"replies":[{"embeddable":true,"href":"https:\/\/wtbrueck.de\/index.php?rest_route=%2Fwp%2Fv2%2Fcomments&post=35"}],"version-history":[{"count":20,"href":"https:\/\/wtbrueck.de\/index.php?rest_route=\/wp\/v2\/pages\/35\/revisions"}],"predecessor-version":[{"id":1670,"href":"https:\/\/wtbrueck.de\/index.php?rest_route=\/wp\/v2\/pages\/35\/revisions\/1670"}],"wp:attachment":[{"href":"https:\/\/wtbrueck.de\/index.php?rest_route=%2Fwp%2Fv2%2Fmedia&parent=35"}],"curies":[{"name":"wp","href":"https:\/\/api.w.org\/{rel}","templated":true}]}}