{"id":2135,"date":"2021-06-17T12:45:23","date_gmt":"2021-06-17T10:45:23","guid":{"rendered":"https:\/\/wtbrueck.de\/?page_id=2135"},"modified":"2021-06-17T13:28:11","modified_gmt":"2021-06-17T11:28:11","slug":"sommerlochangebote-fuer-bauzaun-und-geruestwerbeplanen-fahnen-und-masten","status":"publish","type":"page","link":"https:\/\/wtbrueck.de\/?page_id=2135","title":{"rendered":"Sommerlochangebote f\u00fcr Bauzaun- und Ger\u00fcstwerbeplanen, Fahnen und Masten G\u00dcLTIG BIS 20.08.2021"},"content":{"rendered":"\n<p class=\"has-large-font-size\"><strong>Aktion 1: Ger\u00fcst- und Bauzaunplanen<\/strong><\/p>\n\n\n\n<figure class=\"wp-block-image size-full\"><a href=\"https:\/\/wtbrueck.de\/wp-content\/uploads\/2021\/06\/Newsletter_Hinweisplanen_Geruestbauer_02.jpg\"><img loading=\"lazy\" decoding=\"async\" width=\"595\" height=\"1544\" src=\"https:\/\/wtbrueck.de\/wp-content\/uploads\/2021\/06\/Newsletter_Hinweisplanen_Geruestbauer_02.jpg\" alt=\"\" class=\"wp-image-2138\" srcset=\"https:\/\/wtbrueck.de\/wp-content\/uploads\/2021\/06\/Newsletter_Hinweisplanen_Geruestbauer_02.jpg 595w, https:\/\/wtbrueck.de\/wp-content\/uploads\/2021\/06\/Newsletter_Hinweisplanen_Geruestbauer_02-116x300.jpg 116w, https:\/\/wtbrueck.de\/wp-content\/uploads\/2021\/06\/Newsletter_Hinweisplanen_Geruestbauer_02-395x1024.jpg 395w, https:\/\/wtbrueck.de\/wp-content\/uploads\/2021\/06\/Newsletter_Hinweisplanen_Geruestbauer_02-592x1536.jpg 592w\" sizes=\"auto, (max-width: 595px) 100vw, 595px\" \/><\/a><\/figure>\n\n\n\n<p class=\"has-large-font-size\"><strong>Aktion 2: Fahnen und Masten <\/strong><\/p>\n\n\n\n<p class=\"has-large-font-size\"><strong>( inkl. Verpackung und Versand )<\/strong><\/p>\n\n\n\n<figure class=\"wp-block-image size-full\"><a href=\"https:\/\/wtbrueck.de\/wp-content\/uploads\/2021\/06\/Fahnen_Masten_02_2019.jpg\"><img loading=\"lazy\" decoding=\"async\" width=\"595\" height=\"1516\" src=\"https:\/\/wtbrueck.de\/wp-content\/uploads\/2021\/06\/Fahnen_Masten_02_2019.jpg\" alt=\"\" class=\"wp-image-2137\" srcset=\"https:\/\/wtbrueck.de\/wp-content\/uploads\/2021\/06\/Fahnen_Masten_02_2019.jpg 595w, https:\/\/wtbrueck.de\/wp-content\/uploads\/2021\/06\/Fahnen_Masten_02_2019-118x300.jpg 118w, https:\/\/wtbrueck.de\/wp-content\/uploads\/2021\/06\/Fahnen_Masten_02_2019-402x1024.jpg 402w\" sizes=\"auto, (max-width: 595px) 100vw, 595px\" \/><\/a><\/figure>\n","protected":false},"excerpt":{"rendered":"<p>Aktion 1: Ger\u00fcst- und Bauzaunplanen Aktion 2: Fahnen und Masten ( inkl. Verpackung und Versand )<\/p>\n","protected":false},"author":9,"featured_media":0,"parent":0,"menu_order":0,"comment_status":"closed","ping_status":"closed","template":"","meta":{"ngg_post_thumbnail":0,"footnotes":""},"class_list":["post-2135","page","type-page","status-publish","hentry"],"_links":{"self":[{"href":"https:\/\/wtbrueck.de\/index.php?rest_route=\/wp\/v2\/pages\/2135","targetHints":{"allow":["GET"]}}],"collection":[{"href":"https:\/\/wtbrueck.de\/index.php?rest_route=\/wp\/v2\/pages"}],"about":[{"href":"https:\/\/wtbrueck.de\/index.php?rest_route=\/wp\/v2\/types\/page"}],"author":[{"embeddable":true,"href":"https:\/\/wtbrueck.de\/index.php?rest_route=\/wp\/v2\/users\/9"}],"replies":[{"embeddable":true,"href":"https:\/\/wtbrueck.de\/index.php?rest_route=%2Fwp%2Fv2%2Fcomments&post=2135"}],"version-history":[{"count":4,"href":"https:\/\/wtbrueck.de\/index.php?rest_route=\/wp\/v2\/pages\/2135\/revisions"}],"predecessor-version":[{"id":2141,"href":"https:\/\/wtbrueck.de\/index.php?rest_route=\/wp\/v2\/pages\/2135\/revisions\/2141"}],"wp:attachment":[{"href":"https:\/\/wtbrueck.de\/index.php?rest_route=%2Fwp%2Fv2%2Fmedia&parent=2135"}],"curies":[{"name":"wp","href":"https:\/\/api.w.org\/{rel}","templated":true}]}}