{"id":2002,"date":"2020-02-03T14:52:02","date_gmt":"2020-02-03T12:52:02","guid":{"rendered":"http:\/\/wtbrueck.de\/?page_id=2002"},"modified":"2020-02-03T15:14:23","modified_gmt":"2020-02-03T13:14:23","slug":"februaraktion-fuer-geruestplanen-gueltig-bis-29-02-2020","status":"publish","type":"page","link":"https:\/\/wtbrueck.de\/?page_id=2002","title":{"rendered":"Februaraktion f\u00fcr Ger\u00fcstwerbung &#8211; g\u00fcltig bis 29.02.2020"},"content":{"rendered":"\n<div class=\"wp-block-image\"><figure class=\"aligncenter size-large\"><img loading=\"lazy\" decoding=\"async\" width=\"439\" height=\"1024\" src=\"https:\/\/wtbrueck.de\/wp-content\/uploads\/2020\/02\/Newsletter_Februar_2020_Ger\u00fcst_01-439x1024.jpg\" alt=\"\" class=\"wp-image-2001\" srcset=\"https:\/\/wtbrueck.de\/wp-content\/uploads\/2020\/02\/Newsletter_Februar_2020_Ger\u00fcst_01-439x1024.jpg 439w, https:\/\/wtbrueck.de\/wp-content\/uploads\/2020\/02\/Newsletter_Februar_2020_Ger\u00fcst_01-129x300.jpg 129w, https:\/\/wtbrueck.de\/wp-content\/uploads\/2020\/02\/Newsletter_Februar_2020_Ger\u00fcst_01.jpg 595w\" sizes=\"auto, (max-width: 439px) 100vw, 439px\" \/><\/figure><\/div>\n","protected":false},"excerpt":{"rendered":"","protected":false},"author":9,"featured_media":0,"parent":0,"menu_order":0,"comment_status":"closed","ping_status":"closed","template":"","meta":{"ngg_post_thumbnail":0,"footnotes":""},"class_list":["post-2002","page","type-page","status-publish","hentry"],"_links":{"self":[{"href":"https:\/\/wtbrueck.de\/index.php?rest_route=\/wp\/v2\/pages\/2002","targetHints":{"allow":["GET"]}}],"collection":[{"href":"https:\/\/wtbrueck.de\/index.php?rest_route=\/wp\/v2\/pages"}],"about":[{"href":"https:\/\/wtbrueck.de\/index.php?rest_route=\/wp\/v2\/types\/page"}],"author":[{"embeddable":true,"href":"https:\/\/wtbrueck.de\/index.php?rest_route=\/wp\/v2\/users\/9"}],"replies":[{"embeddable":true,"href":"https:\/\/wtbrueck.de\/index.php?rest_route=%2Fwp%2Fv2%2Fcomments&post=2002"}],"version-history":[{"count":4,"href":"https:\/\/wtbrueck.de\/index.php?rest_route=\/wp\/v2\/pages\/2002\/revisions"}],"predecessor-version":[{"id":2007,"href":"https:\/\/wtbrueck.de\/index.php?rest_route=\/wp\/v2\/pages\/2002\/revisions\/2007"}],"wp:attachment":[{"href":"https:\/\/wtbrueck.de\/index.php?rest_route=%2Fwp%2Fv2%2Fmedia&parent=2002"}],"curies":[{"name":"wp","href":"https:\/\/api.w.org\/{rel}","templated":true}]}}